{"id":11,"date":"2025-06-30T22:13:37","date_gmt":"2025-06-30T20:13:37","guid":{"rendered":"https:\/\/gyakorlok.aninka.hu\/?page_id=11"},"modified":"2025-06-30T22:38:35","modified_gmt":"2025-06-30T20:38:35","slug":"parkfenntartas","status":"publish","type":"page","link":"https:\/\/gyakorlok.aninka.hu\/?page_id=11","title":{"rendered":"Parkfenntart\u00e1s"},"content":{"rendered":"\n<p>A parkfenntart\u00e1s nem csup\u00e1n egy szolg\u00e1ltat\u00e1s sz\u00e1munkra, hanem szenved\u00e9ly. Szolg\u00e1ltat\u00e1saink k\u00f6z\u00f6tt megtal\u00e1lhat\u00f3ak a parkfenntart\u00e1si feladatok, amelyeket az \u00e9v minden napj\u00e1n, az orsz\u00e1g t\u00f6bb mint 180 helysz\u00edn\u00e9n l\u00e1tunk el. C\u00e9lunk, hogy ipari parkok, int\u00e9zm\u00e9nyek \u00e9s mag\u00e1nszem\u00e9lyek folyamatos \u00e9s eseti ig\u00e9nyeit a legmagasabb sz\u00ednvonalon el\u00e9g\u00edts\u00fck ki.<\/p>\n\n\n\n<h4 class=\"wp-block-heading\">\u00c9vszakonk\u00e9nti szolg\u00e1ltat\u00e1sok<\/h4>\n\n\n\n<ul class=\"wp-block-list\">\n<li><strong>Tavaszt\u00f3l \u0150szig<\/strong>: A tavaszi \u00e9s \u0151szi h\u00f3napokban kert\u00e9p\u00edt\u00e9ssel, n\u00f6v\u00e9nytelep\u00edt\u00e9ssel \u00e9s egy\u00e9b z\u00f6ldter\u00fcleti munk\u00e1kkal \u00e1llunk rendelkez\u00e9sre.<\/li>\n\n\n\n<li><strong>\u0150szt\u0151l T\u00e9lig<\/strong>: Az \u0151szi id\u0151szakban a lehullott avar betakar\u00edt\u00e1s\u00e1val, m\u00edg a t\u00e9li h\u00f3napokban h\u00f3- \u00e9s s\u00edkoss\u00e1g-mentes\u00edt\u00e9ssel seg\u00edtj\u00fck megrendel\u0151inket.<\/li>\n<\/ul>\n\n\n\n<h4 class=\"wp-block-heading\">T\u00e9li Szolg\u00e1ltat\u00e1sok<\/h4>\n\n\n\n<ul class=\"wp-block-list\">\n<li><strong>H\u00f3- \u00e9s S\u00edkoss\u00e1g-mentes\u00edt\u00e9s<\/strong>: T\u00e9len sem kell agg\u00f3dnia a cs\u00fasz\u00f3s utak miatt. G\u00e9pi h\u00f3tol\u00e1ssal \u00e9s k\u00fcl\u00f6nb\u00f6z\u0151 s\u00edkoss\u00e1g-mentes\u00edt\u0151 anyagokkal garant\u00e1ljuk a biztons\u00e1gos k\u00f6zleked\u00e9st.<\/li>\n\n\n\n<li><strong>Sz\u00f3r\u00f3anyagok Beszerz\u00e9se<\/strong>: Buda\u00f6rsi nagykeresked\u00e9s\u00fcnkben sz\u00e9les v\u00e1laszt\u00e9kban k\u00edn\u00e1lunk s\u00edkoss\u00e1g-mentes\u00edt\u0151 anyagokat, amelyekhez szem\u00e9lyesen, vagy online v\u00e1s\u00e1rl\u00e1ssal \u00e9s orsz\u00e1gos kisz\u00e1ll\u00edt\u00e1ssal is hozz\u00e1juthat.<\/li>\n<\/ul>\n\n\n\n<h4 class=\"wp-block-heading\">Parkfenntart\u00e1si Szolg\u00e1ltat\u00e1saink R\u00e9szletezve<\/h4>\n\n\n\n<ol class=\"wp-block-list\">\n<li><strong>K\u00f6zter\u00fcletek Teljes K\u00f6r\u0171 Fenntart\u00e1sa<\/strong>: Az \u00e9v minden h\u00f3napj\u00e1ban gondoskodunk a k\u00f6zter\u00fcletek \u00e1pol\u00e1s\u00e1r\u00f3l.<\/li>\n\n\n\n<li><strong>Metsz\u00e9s \u00e9s Gallyaz\u00e1s<\/strong>: Fa- \u00e9s bokormetsz\u00e9s, valamint gallyaz\u00e1s a n\u00f6v\u00e9nyek eg\u00e9szs\u00e9ges n\u00f6veked\u00e9se \u00e9rdek\u00e9ben.<\/li>\n\n\n\n<li><strong>Permetez\u00e9s<\/strong>: K\u00e1rtev\u0151k \u00e9s betegs\u00e9gek elleni v\u00e9dekez\u00e9s.<\/li>\n\n\n\n<li><strong>\u00daj N\u00f6v\u00e9nyek Telep\u00edt\u00e9se<\/strong>: Ig\u00e9ny szerint \u00faj n\u00f6v\u00e9nyek telep\u00edt\u00e9se \u00e9s gondoz\u00e1sa.<\/li>\n\n\n\n<li><strong>T\u00e1panyag Ut\u00e1np\u00f3tl\u00e1s<\/strong>: A talaj t\u00e1panyagtartalm\u00e1nak optimaliz\u00e1l\u00e1sa.<\/li>\n\n\n\n<li><strong>Gyom\u00edrt\u00e1s \u00e9s Gyomtalan\u00edt\u00e1s<\/strong>: Gyomn\u00f6v\u00e9nyek elleni hat\u00e9kony v\u00e9dekez\u00e9s.<\/li>\n\n\n\n<li><strong>F\u0171ny\u00edr\u00e1s \u00e9s F\u0171kasz\u00e1l\u00e1s<\/strong>: F\u0171ter\u00fcletek rendszeres \u00e9s eseti karbantart\u00e1sa.<\/li>\n\n\n\n<li><strong>S\u00f6v\u00e9nyv\u00e1g\u00e1s<\/strong>: S\u00f6v\u00e9nyek form\u00e1z\u00e1sa \u00e9s karbantart\u00e1sa.<\/li>\n\n\n\n<li><strong>Boz\u00f3t\u00edrt\u00e1s<\/strong>: Elhanyagolt ter\u00fcletek rendbet\u00e9tele.<\/li>\n\n\n\n<li><strong>Z\u00f6ldhullad\u00e9k Elsz\u00e1ll\u00edt\u00e1s<\/strong>: A munk\u00e1latok sor\u00e1n keletkez\u0151 z\u00f6ldhullad\u00e9k elsz\u00e1ll\u00edt\u00e1sa.<\/li>\n\n\n\n<li><strong>Burkolt \u00e9s Z\u00f6ldter\u00fcletek Takar\u00edt\u00e1sa<\/strong>: Az utak, j\u00e1rd\u00e1k \u00e9s egy\u00e9b burkolt ter\u00fcletek tiszt\u00e1n tart\u00e1sa.<\/li>\n<\/ol>\n\n\n\n<p>Ezen szolg\u00e1ltat\u00e1sokkal biztos\u00edtjuk, hogy parkjai \u00e9s z\u00f6ldter\u00fcletei mindig a lehet\u0151 legjobb \u00e1llapotban maradjanak. Az \u00e9vszakok v\u00e1ltoz\u00e1s\u00e1val v\u00e1ltoznak a kih\u00edv\u00e1sok is, de mi mindig k\u00e9szen \u00e1llunk, hogy megfelelj\u00fcnk ezeknek.<\/p>\n\n\n\n<h3 class=\"wp-block-heading\">Ne hagyja, hogy parkja vagy z\u00f6ldter\u00fclete elhanyagolt legyen. Vegye fel vel\u00fcnk a kapcsolatot!<\/h3>\n\n\n\n<p>Tegye az els\u0151 l\u00e9p\u00e9st egy szebb \u00e9s fenntarthat\u00f3bb k\u00f6rnyezet fel\u00e9. K\u00e9rjen \u00e1raj\u00e1nlatot most, \u00e9s \u00e9lvezze professzion\u00e1lis parkfenntart\u00e1si szolg\u00e1ltat\u00e1sainkat!<\/p>\n\n\n\n<p>\u00e1raj\u00e1nlat k\u00e9r\u00e9s<\/p>\n","protected":false},"excerpt":{"rendered":"<p>A parkfenntart\u00e1s nem csup\u00e1n egy szolg\u00e1ltat\u00e1s sz\u00e1munkra, hanem szenved\u00e9ly. Szolg\u00e1ltat\u00e1saink k\u00f6z\u00f6tt megtal\u00e1lhat\u00f3ak a parkfenntart\u00e1si feladatok, amelyeket az \u00e9v minden napj\u00e1n, az orsz\u00e1g t\u00f6bb mint 180 helysz\u00edn\u00e9n l\u00e1tunk el. C\u00e9lunk, hogy ipari parkok, int\u00e9zm\u00e9nyek \u00e9s mag\u00e1nszem\u00e9lyek folyamatos \u00e9s eseti ig\u00e9nyeit a legmagasabb sz\u00ednvonalon el\u00e9g\u00edts\u00fck ki. \u00c9vszakonk\u00e9nti szolg\u00e1ltat\u00e1sok T\u00e9li Szolg\u00e1ltat\u00e1sok Parkfenntart\u00e1si Szolg\u00e1ltat\u00e1saink R\u00e9szletezve Ezen szolg\u00e1ltat\u00e1sokkal biztos\u00edtjuk, hogy [&hellip;]<\/p>\n","protected":false},"author":1,"featured_media":0,"parent":64,"menu_order":8,"comment_status":"closed","ping_status":"closed","template":"","meta":{"footnotes":""},"class_list":["post-11","page","type-page","status-publish","hentry"],"_links":{"self":[{"href":"https:\/\/gyakorlok.aninka.hu\/index.php?rest_route=\/wp\/v2\/pages\/11","targetHints":{"allow":["GET"]}}],"collection":[{"href":"https:\/\/gyakorlok.aninka.hu\/index.php?rest_route=\/wp\/v2\/pages"}],"about":[{"href":"https:\/\/gyakorlok.aninka.hu\/index.php?rest_route=\/wp\/v2\/types\/page"}],"author":[{"embeddable":true,"href":"https:\/\/gyakorlok.aninka.hu\/index.php?rest_route=\/wp\/v2\/users\/1"}],"replies":[{"embeddable":true,"href":"https:\/\/gyakorlok.aninka.hu\/index.php?rest_route=%2Fwp%2Fv2%2Fcomments&post=11"}],"version-history":[{"count":1,"href":"https:\/\/gyakorlok.aninka.hu\/index.php?rest_route=\/wp\/v2\/pages\/11\/revisions"}],"predecessor-version":[{"id":12,"href":"https:\/\/gyakorlok.aninka.hu\/index.php?rest_route=\/wp\/v2\/pages\/11\/revisions\/12"}],"up":[{"embeddable":true,"href":"https:\/\/gyakorlok.aninka.hu\/index.php?rest_route=\/wp\/v2\/pages\/64"}],"wp:attachment":[{"href":"https:\/\/gyakorlok.aninka.hu\/index.php?rest_route=%2Fwp%2Fv2%2Fmedia&parent=11"}],"curies":[{"name":"wp","href":"https:\/\/api.w.org\/{rel}","templated":true}]}}